{"id":7,"date":"2026-04-07T12:54:52","date_gmt":"2026-04-07T12:54:52","guid":{"rendered":"https:\/\/gealsa.testmillennials.es\/?page_id=7"},"modified":"2026-05-11T16:43:14","modified_gmt":"2026-05-11T16:43:14","slug":"gealsa","status":"publish","type":"page","link":"https:\/\/gealsa.testmillennials.es\/","title":{"rendered":"Inicio"},"content":{"rendered":"<div class=\"wpb-content-wrapper\"><p>[vc_row full_width=\u00bbstretch_row_content\u00bb woodmart_bg_position=\u00bbcenter-center\u00bb css=\u00bb.vc_custom_1776186173839{margin-top: -60px !important;padding-top: 40% !important;background-image: url(https:\/\/gealsa.testmillennials.es\/wp-content\/uploads\/2026\/04\/7935.jpg?id=91) !important;background-position: center !important;background-repeat: no-repeat !important;background-size: cover !important;}\u00bb woodmart_css_id=\u00bb69de73344df8a\u00bb responsive_spacing=\u00bbeyJwYXJhbV90eXBlIjoid29vZG1hcnRfcmVzcG9uc2l2ZV9zcGFjaW5nIiwic2VsZWN0b3JfaWQiOiI2OWRlNzMzNDRkZjhhIiwic2hvcnRjb2RlIjoidmNfcm93IiwiZGF0YSI6eyJ0YWJsZXQiOnt9LCJtb2JpbGUiOnsicGFkZGluZy10b3AiOiIzNzVweCJ9fX0=\u00bb mobile_bg_img_hidden=\u00bbno\u00bb tablet_bg_img_hidden=\u00bbno\u00bb woodmart_parallax=\u00bb0&#8243; woodmart_gradient_switch=\u00bbno\u00bb woodmart_box_shadow=\u00bbno\u00bb wd_z_index=\u00bbno\u00bb woodmart_disable_overflow=\u00bb0&#8243; row_reverse_mobile=\u00bb0&#8243; row_reverse_tablet=\u00bb0&#8243;][vc_column woodmart_text_align=\u00bbcenter\u00bb woodmart_css_id=\u00bb635ef5a6c3388&#8243; parallax_scroll=\u00bbno\u00bb woodmart_sticky_column=\u00bbfalse\u00bb wd_collapsible_content_switcher=\u00bbno\u00bb wd_column_role_offcanvas_desktop=\u00bbno\u00bb wd_column_role_offcanvas_tablet=\u00bbno\u00bb wd_column_role_offcanvas_mobile=\u00bbno\u00bb wd_column_role_content_desktop=\u00bbno\u00bb wd_column_role_content_tablet=\u00bbno\u00bb wd_column_role_content_mobile=\u00bbno\u00bb mobile_bg_img_hidden=\u00bbno\u00bb tablet_bg_img_hidden=\u00bbno\u00bb woodmart_parallax=\u00bb0&#8243; woodmart_box_shadow=\u00bbno\u00bb responsive_spacing=\u00bbeyJwYXJhbV90eXBlIjoid29vZG1hcnRfcmVzcG9uc2l2ZV9zcGFjaW5nIiwic2VsZWN0b3JfaWQiOiI2MzVlZjVhNmMzMzg4Iiwic2hvcnRjb2RlIjoidmNfY29sdW1uIiwiZGF0YSI6eyJ0YWJsZXQiOnt9LCJtb2JpbGUiOnt9fX0=\u00bb mobile_reset_margin=\u00bbno\u00bb tablet_reset_margin=\u00bbno\u00bb wd_z_index=\u00bbno\u00bb][\/vc_column][\/vc_row][vc_row css=\u00bb.vc_custom_1765543738814{margin-bottom: 65px !important;}\u00bb woodmart_css_id=\u00bb693c0f356dceb\u00bb responsive_spacing=\u00bbeyJwYXJhbV90eXBlIjoid29vZG1hcnRfcmVzcG9uc2l2ZV9zcGFjaW5nIiwic2VsZWN0b3JfaWQiOiI2OTNjMGYzNTZkY2ViIiwic2hvcnRjb2RlIjoidmNfcm93IiwiZGF0YSI6eyJ0YWJsZXQiOnt9LCJtb2JpbGUiOnt9fX0=\u00bb mobile_bg_img_hidden=\u00bbno\u00bb tablet_bg_img_hidden=\u00bbno\u00bb woodmart_parallax=\u00bb0&#8243; woodmart_gradient_switch=\u00bbno\u00bb woodmart_box_shadow=\u00bbno\u00bb wd_z_index=\u00bbno\u00bb woodmart_disable_overflow=\u00bb0&#8243; row_reverse_mobile=\u00bb0&#8243; row_reverse_tablet=\u00bb0&#8243;][vc_column]\n\t\t<div id=\"wd-69df7113b9b8a\" class=\"title-wrapper wd-wpb wd-set-mb reset-last-child  wd-rs-69df7113b9b8a wd-title-color-black wd-title-style-default text-center  wd-width-enabled\" style=\"--wd-max-width: 80%;\">\n\t\t\t\n\t\t\t<div class=\"liner-continer\">\n\t\t\t\t<h1 class=\"woodmart-title-container title  wd-font-weight-800 wd-fontsize-xxl\" >GESTI\u00d3N DE ALQUILERES EN ALICANTE<\/h1>\n\t\t\t\t\t\t\t<\/div>\n\t\t\t\n\t\t\t\n\t\t\t\n\t\t<\/div>\n\t\t\n\t\t\t\t<div id=\"wd-6a02068e48ca0\" class=\"wd-text-block wd-wpb reset-last-child wd-rs-6a02068e48ca0 text-center wd-width-enabled wd-font-weight-400 \" style=\"--wd-max-width: 70%;\">\n\t\t\t<p>En Alicante, GEALSA es la mejor opci\u00f3n en la gesti\u00f3n integral de alquileres, para Propietarios que quieren rentabilizar al m\u00e1ximo su vivienda, sin preocuparse por las gestiones del d\u00eda a d\u00eda. Este servicio incluye todos los procesos que componen un arrendamiento, con seguridad jur\u00eddica y de cobro de rentas.<\/p>\n\t\t<\/div>\n\t\t<div id=\"wd-69e7399072f5f\" class=\" wd-rs-69e7399072f5f vc_custom_1776761235263 wd-button-wrapper text-center\"><a href=\"https:\/\/gealsa.testmillennials.es\/?page_id=107\" title=\"CONTACTO\" style=\"--btn-color:#fff;--btn-color-hover:#fff;\" class=\"btn btn-style-default btn-shape-round btn-size-default\">\u00a1CONTACTAR AHORA!<\/a><\/div>[\/vc_column][\/vc_row][vc_row full_width=\u00bbstretch_row\u00bb css=\u00bb.vc_custom_1776243265503{margin-bottom: 20px !important;padding-top: 70px !important;padding-bottom: 50px !important;background-color: #F3F0EB !important;}\u00bb woodmart_parallax=\u00bb0&#8243; woodmart_gradient_switch=\u00bbno\u00bb row_reverse_mobile=\u00bb0&#8243; row_reverse_tablet=\u00bb0&#8243; woodmart_disable_overflow=\u00bb0&#8243; woodmart_css_id=\u00bb69df523c89c8e\u00bb responsive_spacing=\u00bbeyJwYXJhbV90eXBlIjoid29vZG1hcnRfcmVzcG9uc2l2ZV9zcGFjaW5nIiwic2VsZWN0b3JfaWQiOiI2OWRmNTIzYzg5YzhlIiwic2hvcnRjb2RlIjoidmNfcm93IiwiZGF0YSI6eyJ0YWJsZXQiOnt9LCJtb2JpbGUiOnt9fX0=\u00bb mobile_bg_img_hidden=\u00bbno\u00bb tablet_bg_img_hidden=\u00bbno\u00bb woodmart_box_shadow=\u00bbno\u00bb wd_z_index=\u00bbno\u00bb][vc_column css=\u00bb.vc_custom_1538060486358{padding-top: 0px !important;}\u00bb woodmart_parallax=\u00bb0&#8243; parallax_scroll=\u00bbno\u00bb woodmart_sticky_column=\u00bbfalse\u00bb]\n\t\t<div id=\"wd-69d52f9143099\" class=\"title-wrapper wd-wpb wd-set-mb reset-last-child  wd-rs-69d52f9143099 wd-title-color-primary wd-title-style-simple text-center  wd-width-enabled wd-underline-colored\" style=\"--wd-max-width: 60%;\">\n\t\t\t\n\t\t\t<div class=\"liner-continer\">\n\t\t\t\t<h4 class=\"woodmart-title-container title  wd-font-weight- wd-fontsize-l\" >Nuestros Servicios<\/h4>\n\t\t\t\t\t\t\t<\/div>\n\t\t\t\n\t\t\t\n\t\t\t\n\t\t<\/div>\n\t\t\n\t\t\n\t\t<div id=\"wd-6a0206ba3ed64\" class=\"title-wrapper wd-wpb wd-set-mb reset-last-child  wd-rs-6a0206ba3ed64 wd-title-color-primary wd-title-style-default text-center  wd-width-enabled wd-underline-colored\" style=\"--wd-max-width: 70%;\">\n\t\t\t\n\t\t\t<div class=\"liner-continer\">\n\t\t\t\t<h2 class=\"woodmart-title-container title  wd-font-weight- wd-fontsize-l\" >Consideramos a los Propietarios Socios, no Clientes. Ellos aportan el Activo, GEALSA el trabajo, gesti\u00f3n, y experiencia<\/h2>\n\t\t\t\t\t\t\t<\/div>\n\t\t\t\n\t\t\t\n\t\t\t\n\t\t<\/div>\n\t\t\n\t\t[vc_row_inner content_placement=\u00bbtop\u00bb row_reverse_mobile=\u00bb0&#8243; row_reverse_tablet=\u00bb0&#8243; woodmart_css_id=\u00bb69394cb5a85dc\u00bb responsive_spacing=\u00bbeyJwYXJhbV90eXBlIjoid29vZG1hcnRfcmVzcG9uc2l2ZV9zcGFjaW5nIiwic2VsZWN0b3JfaWQiOiI2OTM5NGNiNWE4NWRjIiwic2hvcnRjb2RlIjoidmNfcm93X2lubmVyIiwiZGF0YSI6eyJ0YWJsZXQiOnt9LCJtb2JpbGUiOnt9fX0=\u00bb mobile_bg_img_hidden=\u00bbno\u00bb tablet_bg_img_hidden=\u00bbno\u00bb woodmart_parallax=\u00bb0&#8243; woodmart_gradient_switch=\u00bbno\u00bb woodmart_box_shadow=\u00bbno\u00bb wd_z_index=\u00bbno\u00bb woodmart_disable_overflow=\u00bb0&#8243; css=\u00bb.vc_custom_1765362874227{margin-top: 65px !important;}\u00bb][vc_column_inner width=\u00bb1\/3&#8243; css=\u00bb.vc_custom_1638374524165{padding-top: 0px !important;padding-right: 10px !important;padding-bottom: 20px !important;padding-left: 10px !important;}\u00bb woodmart_css_id=\u00bb61a79c7af1527&#8243; parallax_scroll=\u00bbno\u00bb woodmart_sticky_column=\u00bbfalse\u00bb wd_collapsible_content_switcher=\u00bbno\u00bb mobile_bg_img_hidden=\u00bbno\u00bb tablet_bg_img_hidden=\u00bbno\u00bb woodmart_parallax=\u00bb0&#8243; woodmart_box_shadow=\u00bbno\u00bb wd_z_index=\u00bbno\u00bb responsive_spacing=\u00bbeyJwYXJhbV90eXBlIjoid29vZG1hcnRfcmVzcG9uc2l2ZV9zcGFjaW5nIiwic2VsZWN0b3JfaWQiOiI2MWE3OWM3YWYxNTI3Iiwic2hvcnRjb2RlIjoidmNfY29sdW1uX2lubmVyIiwiZGF0YSI6eyJ0YWJsZXQiOnt9LCJtb2JpbGUiOnt9fX0=\u00bb]\t\t\t<div class=\"info-box-wrapper\">\n\t\t\t\t<div id=\"wd-69e739750bb0c\" class=\" wd-rs-69e739750bb0c wd-info-box wd-wpb text-center box-icon-align-top box-style-shadow color-scheme-dark wd-bg-none vc_custom_1776761224787\">\n\t\t\t\t\t\t\t\t\t\t\t<div class=\"box-icon-wrapper  box-with-icon box-icon-simple\">\n\t\t\t\t\t\t\t<div class=\"info-box-icon\">\n\n\t\t\t\t\t\t\t\n\t\t\t\t\t\t\t\t\t\t\t\t\t\t\t\t\t<img loading=\"lazy\" decoding=\"async\" width=\"1500\" height=\"1000\" src=\"https:\/\/gealsa.testmillennials.es\/wp-content\/uploads\/2026\/04\/1354.jpg\" class=\"attachment-full size-full\" alt=\"\" srcset=\"https:\/\/gealsa.testmillennials.es\/wp-content\/uploads\/2026\/04\/1354.jpg 1500w, https:\/\/gealsa.testmillennials.es\/wp-content\/uploads\/2026\/04\/1354-300x200.jpg 300w, https:\/\/gealsa.testmillennials.es\/wp-content\/uploads\/2026\/04\/1354-1024x683.jpg 1024w, https:\/\/gealsa.testmillennials.es\/wp-content\/uploads\/2026\/04\/1354-768x512.jpg 768w\" sizes=\"auto, (max-width: 1500px) 100vw, 1500px\" \/>\t\t\t\t\t\t\t\t\t\t\t\t\t\t\t\n\t\t\t\t\t\t\t<\/div>\n\t\t\t\t\t\t<\/div>\n\t\t\t\t\t\t\t\t\t\t<div class=\"info-box-content\">\n\t\t\t\t\t\t<h4 class=\"info-box-title title box-title-style-default wd-fontsize-m\">Gesti\u00f3n integral del Alquiler con pago garantizado<\/h4>\t\t\t\t\t\t<div class=\"info-box-inner reset-last-child\"><p>Gesti\u00f3n completa del alquiler con la tranquilidad del cobro garantizado.<\/p>\n<\/div>\n\n\t\t\t\t\t\t\t\t\t\t\t<\/div>\n\n\t\t\t\t\t\t\t\t\t\t\t<a class=\"wd-info-box-link wd-fill\" aria-label=\"Infobox link\" href=\"https:\/\/gealsa.testmillennials.es\/?page_id=24\" title=\"\"><\/a>\n\t\t\t\t\t\n\t\t\t\t\t<style><\/style>\t\t\t\t<\/div>\n\t\t\t<\/div>\n\t\t[\/vc_column_inner][vc_column_inner width=\u00bb1\/3&#8243; css=\u00bb.vc_custom_1538146421415{padding-top: 0px !important;padding-right: 10px !important;padding-bottom: 20px !important;padding-left: 10px !important;}\u00bb]\t\t\t<div class=\"info-box-wrapper\">\n\t\t\t\t<div id=\"wd-69e7395f9be19\" class=\" wd-rs-69e7395f9be19 wd-info-box wd-wpb text-center box-icon-align-top box-style-shadow color-scheme-dark wd-bg-none vc_custom_1776761202986\">\n\t\t\t\t\t\t\t\t\t\t\t<div class=\"box-icon-wrapper  box-with-icon box-icon-simple\">\n\t\t\t\t\t\t\t<div class=\"info-box-icon\">\n\n\t\t\t\t\t\t\t\n\t\t\t\t\t\t\t\t\t\t\t\t\t\t\t\t\t<img loading=\"lazy\" decoding=\"async\" width=\"1500\" height=\"1000\" src=\"https:\/\/gealsa.testmillennials.es\/wp-content\/uploads\/2026\/04\/534.jpg\" class=\"attachment-full size-full\" alt=\"\" srcset=\"https:\/\/gealsa.testmillennials.es\/wp-content\/uploads\/2026\/04\/534.jpg 1500w, https:\/\/gealsa.testmillennials.es\/wp-content\/uploads\/2026\/04\/534-300x200.jpg 300w, https:\/\/gealsa.testmillennials.es\/wp-content\/uploads\/2026\/04\/534-1024x683.jpg 1024w, https:\/\/gealsa.testmillennials.es\/wp-content\/uploads\/2026\/04\/534-768x512.jpg 768w\" sizes=\"auto, (max-width: 1500px) 100vw, 1500px\" \/>\t\t\t\t\t\t\t\t\t\t\t\t\t\t\t\n\t\t\t\t\t\t\t<\/div>\n\t\t\t\t\t\t<\/div>\n\t\t\t\t\t\t\t\t\t\t<div class=\"info-box-content\">\n\t\t\t\t\t\t<h4 class=\"info-box-title title box-title-style-default wd-fontsize-m\">Gesti\u00f3n integral de Alquiler con Seguro<\/h4>\t\t\t\t\t\t<div class=\"info-box-inner reset-last-child\"><p>Gesti\u00f3n del alquiler con seguro de impago para mayor tranquilidad.<\/p>\n<\/div>\n\n\t\t\t\t\t\t\t\t\t\t\t<\/div>\n\n\t\t\t\t\t\t\t\t\t\t\t<a class=\"wd-info-box-link wd-fill\" aria-label=\"Infobox link\" href=\"https:\/\/gealsa.testmillennials.es\/?page_id=35\" title=\"\"><\/a>\n\t\t\t\t\t\n\t\t\t\t\t<style><\/style>\t\t\t\t<\/div>\n\t\t\t<\/div>\n\t\t[\/vc_column_inner][vc_column_inner width=\u00bb1\/3&#8243;]\t\t\t<div class=\"info-box-wrapper\">\n\t\t\t\t<div id=\"wd-69e739f28850e\" class=\" wd-rs-69e739f28850e wd-info-box wd-wpb text-center box-icon-align-top box-style-shadow color-scheme-dark wd-bg-none vc_custom_1776761343205\">\n\t\t\t\t\t\t\t\t\t\t\t<div class=\"box-icon-wrapper  box-with-icon box-icon-simple\">\n\t\t\t\t\t\t\t<div class=\"info-box-icon\">\n\n\t\t\t\t\t\t\t\n\t\t\t\t\t\t\t\t\t\t\t\t\t\t\t\t\t<img loading=\"lazy\" decoding=\"async\" width=\"1500\" height=\"1000\" src=\"https:\/\/gealsa.testmillennials.es\/wp-content\/uploads\/2026\/04\/p5.jpg\" class=\"attachment-full size-full\" alt=\"\" srcset=\"https:\/\/gealsa.testmillennials.es\/wp-content\/uploads\/2026\/04\/p5.jpg 1500w, https:\/\/gealsa.testmillennials.es\/wp-content\/uploads\/2026\/04\/p5-300x200.jpg 300w, https:\/\/gealsa.testmillennials.es\/wp-content\/uploads\/2026\/04\/p5-1024x683.jpg 1024w, https:\/\/gealsa.testmillennials.es\/wp-content\/uploads\/2026\/04\/p5-768x512.jpg 768w\" sizes=\"auto, (max-width: 1500px) 100vw, 1500px\" \/>\t\t\t\t\t\t\t\t\t\t\t\t\t\t\t\n\t\t\t\t\t\t\t<\/div>\n\t\t\t\t\t\t<\/div>\n\t\t\t\t\t\t\t\t\t\t<div class=\"info-box-content\">\n\t\t\t\t\t\t<h4 class=\"info-box-title title box-title-style-default wd-fontsize-m\">Invierta en Activos Inmobiliarios en Alicante<\/h4>\t\t\t\t\t\t<div class=\"info-box-inner reset-last-child\"><p>Desde la b\u00fasqueda del activo ideal hasta su adquisici\u00f3n, gesti\u00f3n y rentabilizaci\u00f3n.<\/p>\n<\/div>\n\n\t\t\t\t\t\t\t\t\t\t\t<\/div>\n\n\t\t\t\t\t\t\t\t\t\t\t<a class=\"wd-info-box-link wd-fill\" aria-label=\"Infobox link\" href=\"https:\/\/gealsa.testmillennials.es\/?page_id=150\" title=\"\"><\/a>\n\t\t\t\t\t\n\t\t\t\t\t<style><\/style>\t\t\t\t<\/div>\n\t\t\t<\/div>\n\t\t[\/vc_column_inner][\/vc_row_inner][\/vc_column][\/vc_row][vc_row gap=\u00bb30&#8243; content_placement=\u00bbmiddle\u00bb woodmart_css_id=\u00bb693fe0b598071&#8243; responsive_spacing=\u00bbeyJwYXJhbV90eXBlIjoid29vZG1hcnRfcmVzcG9uc2l2ZV9zcGFjaW5nIiwic2VsZWN0b3JfaWQiOiI2OTNmZTBiNTk4MDcxIiwic2hvcnRjb2RlIjoidmNfcm93IiwiZGF0YSI6eyJ0YWJsZXQiOnt9LCJtb2JpbGUiOnt9fX0=\u00bb mobile_bg_img_hidden=\u00bbno\u00bb tablet_bg_img_hidden=\u00bbno\u00bb woodmart_parallax=\u00bb0&#8243; woodmart_gradient_switch=\u00bbno\u00bb woodmart_box_shadow=\u00bbno\u00bb wd_z_index=\u00bbno\u00bb woodmart_disable_overflow=\u00bb0&#8243; row_reverse_mobile=\u00bb0&#8243; row_reverse_tablet=\u00bb0&#8243; css=\u00bb.vc_custom_1765793982743{margin-top: 1px !important;}\u00bb][vc_column width=\u00bb1\/2&#8243;][vc_single_image image=\u00bb78&#8243; img_size=\u00bbfull\u00bb css=\u00bb.vc_custom_1776185342833{margin-top: 20px !important;}\u00bb parallax_scroll=\u00bbno\u00bb woodmart_inline=\u00bbno\u00bb][\/vc_column][vc_column width=\u00bb1\/2&#8243; woodmart_css_id=\u00bb694127cad7499&#8243; parallax_scroll=\u00bbno\u00bb woodmart_sticky_column=\u00bbfalse\u00bb wd_collapsible_content_switcher=\u00bbno\u00bb wd_column_role_offcanvas_desktop=\u00bbno\u00bb wd_column_role_offcanvas_tablet=\u00bbno\u00bb wd_column_role_offcanvas_mobile=\u00bbno\u00bb wd_column_role_content_desktop=\u00bbno\u00bb wd_column_role_content_tablet=\u00bbno\u00bb wd_column_role_content_mobile=\u00bbno\u00bb mobile_bg_img_hidden=\u00bbno\u00bb tablet_bg_img_hidden=\u00bbno\u00bb woodmart_parallax=\u00bb0&#8243; woodmart_box_shadow=\u00bbno\u00bb responsive_spacing=\u00bbeyJwYXJhbV90eXBlIjoid29vZG1hcnRfcmVzcG9uc2l2ZV9zcGFjaW5nIiwic2VsZWN0b3JfaWQiOiI2OTQxMjdjYWQ3NDk5Iiwic2hvcnRjb2RlIjoidmNfY29sdW1uIiwiZGF0YSI6eyJ0YWJsZXQiOnt9LCJtb2JpbGUiOnsibWFyZ2luLXRvcCI6Ii02MHB4In19fQ==\u00bb mobile_reset_margin=\u00bbno\u00bb tablet_reset_margin=\u00bbno\u00bb wd_z_index=\u00bbno\u00bb]\n\t\t<div id=\"wd-69d5307fc4a2b\" class=\"title-wrapper wd-wpb wd-set-mb reset-last-child  wd-rs-69d5307fc4a2b wd-title-color-primary wd-title-style-simple text-left  wd-width-enabled wd-underline-colored\" style=\"--wd-max-width: 60%;\">\n\t\t\t\n\t\t\t<div class=\"liner-continer\">\n\t\t\t\t<h4 class=\"woodmart-title-container title  wd-font-weight- wd-fontsize-l\" >Nuestras Ventajas<\/h4>\n\t\t\t\t\t\t\t<\/div>\n\t\t\t\n\t\t\t\n\t\t\t\n\t\t<\/div>\n\t\t\n\t\t[vc_column_text css=\u00bb\u00bb woodmart_inline=\u00bbno\u00bb text_larger=\u00bbno\u00bb]<\/p>\n<ul>\n<li>Arrendamientos sin preocupaciones. Gesti\u00f3n Integral de Alquileres con pago garantizado en la Provincia de Alicante<\/li>\n<li>Asesoramos a los propietarios en todos los procesos, y llevamos a cabo sus decisiones, en el complejo entorno del mercado de alquiler<\/li>\n<li>Actuamos en nombre del propietario, de manera consensuada, gestionando y resolviendo cualquier incidencia o problema que surja<\/li>\n<li>Protegemos al propietario, defendiendo sus derechos ante los desacuerdos e injusticias que se producen<\/li>\n<li>\u200bNuestra misi\u00f3n es trabajar buscando la tranquilidad, seguridad y rentabilidad del contrato de arrendamiento para el propietario<\/li>\n<\/ul>\n<p>[\/vc_column_text]<div id=\"wd-69df5b7dddd80\" class=\" wd-rs-69df5b7dddd80 vc_custom_1776245635420 wd-button-wrapper text-left\"><a href=\"https:\/\/gealsa.testmillennials.es\/?page_id=107\" title=\"CONTACTO\" style=\"--btn-color:#fff;--btn-color-hover:#fff;\" class=\"btn btn-style-default btn-shape-round btn-size-default\">\u00a1CONTACTAR AHORA!<\/a><\/div>[\/vc_column][\/vc_row]<\/p>\n<\/div>","protected":false},"excerpt":{"rendered":"<p>[vc_row full_width=\u00bbstretch_row_content\u00bb woodmart_bg_position=\u00bbcenter-center\u00bb css=\u00bb.vc_custom_1776186173839{margin-top: -60px !important;padding-top: 40% !important;background-image: url(https:\/\/gealsa.testmillennials.es\/wp-content\/uploads\/2026\/04\/7935.jpg?id=91) !important;background-position: center !important;background-repeat: no-repeat !important;background-size: cover !important;}\u00bb woodmart_css_id=\u00bb69de73344df8a\u00bb responsive_spacing=\u00bbeyJwYXJhbV90eXBlIjoid29vZG1hcnRfcmVzcG9uc2l2ZV9zcGFjaW5nIiwic2VsZWN0b3JfaWQiOiI2OWRlNzMzNDRkZjhhIiwic2hvcnRjb2RlIjoidmNfcm93IiwiZGF0YSI6eyJ0YWJsZXQiOnt9LCJtb2JpbGUiOnsicGFkZGluZy10b3AiOiIzNzVweCJ9fX0=\u00bb mobile_bg_img_hidden=\u00bbno\u00bb tablet_bg_img_hidden=\u00bbno\u00bb<\/p>\n","protected":false},"author":1,"featured_media":91,"parent":0,"menu_order":0,"comment_status":"closed","ping_status":"closed","template":"","meta":{"footnotes":""},"class_list":["post-7","page","type-page","status-publish","has-post-thumbnail","hentry"],"yoast_head":"<!-- This site is optimized with the Yoast SEO plugin v27.4 - https:\/\/yoast.com\/product\/yoast-seo-wordpress\/ -->\n<title>Gealsa<\/title>\n<meta name=\"description\" content=\"Gesti\u00f3n de Alquileres Sabater en Alicante, Novelda.\" \/>\n<meta name=\"robots\" content=\"index, follow, max-snippet:-1, max-image-preview:large, max-video-preview:-1\" \/>\n<link rel=\"canonical\" href=\"https:\/\/gealsa.testmillennials.es\/\" \/>\n<meta property=\"og:locale\" content=\"es_ES\" \/>\n<meta property=\"og:type\" content=\"article\" \/>\n<meta property=\"og:title\" content=\"Gealsa\" \/>\n<meta property=\"og:description\" content=\"Gesti\u00f3n de Alquileres Sabater en Alicante, Novelda.\" \/>\n<meta property=\"og:url\" content=\"https:\/\/gealsa.testmillennials.es\/\" \/>\n<meta property=\"og:site_name\" content=\"Gealsa\" \/>\n<meta property=\"article:modified_time\" content=\"2026-05-11T16:43:14+00:00\" \/>\n<meta property=\"og:image\" content=\"https:\/\/gealsa.testmillennials.es\/wp-content\/uploads\/2026\/04\/7935.jpg\" \/>\n\t<meta property=\"og:image:width\" content=\"1500\" \/>\n\t<meta property=\"og:image:height\" content=\"810\" \/>\n\t<meta property=\"og:image:type\" content=\"image\/jpeg\" \/>\n<meta name=\"twitter:card\" content=\"summary_large_image\" \/>\n<meta name=\"twitter:label1\" content=\"Tiempo de lectura\" \/>\n\t<meta name=\"twitter:data1\" content=\"4 minutos\" \/>\n<script type=\"application\/ld+json\" class=\"yoast-schema-graph\">{\"@context\":\"https:\\\/\\\/schema.org\",\"@graph\":[{\"@type\":\"WebPage\",\"@id\":\"https:\\\/\\\/gealsa.testmillennials.es\\\/\",\"url\":\"https:\\\/\\\/gealsa.testmillennials.es\\\/\",\"name\":\"Gealsa\",\"isPartOf\":{\"@id\":\"https:\\\/\\\/gealsa.testmillennials.es\\\/#website\"},\"primaryImageOfPage\":{\"@id\":\"https:\\\/\\\/gealsa.testmillennials.es\\\/#primaryimage\"},\"image\":{\"@id\":\"https:\\\/\\\/gealsa.testmillennials.es\\\/#primaryimage\"},\"thumbnailUrl\":\"https:\\\/\\\/gealsa.testmillennials.es\\\/wp-content\\\/uploads\\\/2026\\\/04\\\/7935.jpg\",\"datePublished\":\"2026-04-07T12:54:52+00:00\",\"dateModified\":\"2026-05-11T16:43:14+00:00\",\"description\":\"Gesti\u00f3n de Alquileres Sabater en Alicante, Novelda.\",\"breadcrumb\":{\"@id\":\"https:\\\/\\\/gealsa.testmillennials.es\\\/#breadcrumb\"},\"inLanguage\":\"es\",\"potentialAction\":[{\"@type\":\"ReadAction\",\"target\":[\"https:\\\/\\\/gealsa.testmillennials.es\\\/\"]}]},{\"@type\":\"ImageObject\",\"inLanguage\":\"es\",\"@id\":\"https:\\\/\\\/gealsa.testmillennials.es\\\/#primaryimage\",\"url\":\"https:\\\/\\\/gealsa.testmillennials.es\\\/wp-content\\\/uploads\\\/2026\\\/04\\\/7935.jpg\",\"contentUrl\":\"https:\\\/\\\/gealsa.testmillennials.es\\\/wp-content\\\/uploads\\\/2026\\\/04\\\/7935.jpg\",\"width\":1500,\"height\":810},{\"@type\":\"BreadcrumbList\",\"@id\":\"https:\\\/\\\/gealsa.testmillennials.es\\\/#breadcrumb\",\"itemListElement\":[{\"@type\":\"ListItem\",\"position\":1,\"name\":\"Portada\",\"item\":\"https:\\\/\\\/gealsa.testmillennials.es\\\/\"},{\"@type\":\"ListItem\",\"position\":2,\"name\":\"Inicio\"}]},{\"@type\":\"WebSite\",\"@id\":\"https:\\\/\\\/gealsa.testmillennials.es\\\/#website\",\"url\":\"https:\\\/\\\/gealsa.testmillennials.es\\\/\",\"name\":\"Gealsa\",\"description\":\"\",\"potentialAction\":[{\"@type\":\"SearchAction\",\"target\":{\"@type\":\"EntryPoint\",\"urlTemplate\":\"https:\\\/\\\/gealsa.testmillennials.es\\\/?s={search_term_string}\"},\"query-input\":{\"@type\":\"PropertyValueSpecification\",\"valueRequired\":true,\"valueName\":\"search_term_string\"}}],\"inLanguage\":\"es\"}]}<\/script>\n<!-- \/ Yoast SEO plugin. -->","yoast_head_json":{"title":"Gealsa","description":"Gesti\u00f3n de Alquileres Sabater en Alicante, Novelda.","robots":{"index":"index","follow":"follow","max-snippet":"max-snippet:-1","max-image-preview":"max-image-preview:large","max-video-preview":"max-video-preview:-1"},"canonical":"https:\/\/gealsa.testmillennials.es\/","og_locale":"es_ES","og_type":"article","og_title":"Gealsa","og_description":"Gesti\u00f3n de Alquileres Sabater en Alicante, Novelda.","og_url":"https:\/\/gealsa.testmillennials.es\/","og_site_name":"Gealsa","article_modified_time":"2026-05-11T16:43:14+00:00","og_image":[{"width":1500,"height":810,"url":"https:\/\/gealsa.testmillennials.es\/wp-content\/uploads\/2026\/04\/7935.jpg","type":"image\/jpeg"}],"twitter_card":"summary_large_image","twitter_misc":{"Tiempo de lectura":"4 minutos"},"schema":{"@context":"https:\/\/schema.org","@graph":[{"@type":"WebPage","@id":"https:\/\/gealsa.testmillennials.es\/","url":"https:\/\/gealsa.testmillennials.es\/","name":"Gealsa","isPartOf":{"@id":"https:\/\/gealsa.testmillennials.es\/#website"},"primaryImageOfPage":{"@id":"https:\/\/gealsa.testmillennials.es\/#primaryimage"},"image":{"@id":"https:\/\/gealsa.testmillennials.es\/#primaryimage"},"thumbnailUrl":"https:\/\/gealsa.testmillennials.es\/wp-content\/uploads\/2026\/04\/7935.jpg","datePublished":"2026-04-07T12:54:52+00:00","dateModified":"2026-05-11T16:43:14+00:00","description":"Gesti\u00f3n de Alquileres Sabater en Alicante, Novelda.","breadcrumb":{"@id":"https:\/\/gealsa.testmillennials.es\/#breadcrumb"},"inLanguage":"es","potentialAction":[{"@type":"ReadAction","target":["https:\/\/gealsa.testmillennials.es\/"]}]},{"@type":"ImageObject","inLanguage":"es","@id":"https:\/\/gealsa.testmillennials.es\/#primaryimage","url":"https:\/\/gealsa.testmillennials.es\/wp-content\/uploads\/2026\/04\/7935.jpg","contentUrl":"https:\/\/gealsa.testmillennials.es\/wp-content\/uploads\/2026\/04\/7935.jpg","width":1500,"height":810},{"@type":"BreadcrumbList","@id":"https:\/\/gealsa.testmillennials.es\/#breadcrumb","itemListElement":[{"@type":"ListItem","position":1,"name":"Portada","item":"https:\/\/gealsa.testmillennials.es\/"},{"@type":"ListItem","position":2,"name":"Inicio"}]},{"@type":"WebSite","@id":"https:\/\/gealsa.testmillennials.es\/#website","url":"https:\/\/gealsa.testmillennials.es\/","name":"Gealsa","description":"","potentialAction":[{"@type":"SearchAction","target":{"@type":"EntryPoint","urlTemplate":"https:\/\/gealsa.testmillennials.es\/?s={search_term_string}"},"query-input":{"@type":"PropertyValueSpecification","valueRequired":true,"valueName":"search_term_string"}}],"inLanguage":"es"}]}},"_links":{"self":[{"href":"https:\/\/gealsa.testmillennials.es\/index.php?rest_route=\/wp\/v2\/pages\/7","targetHints":{"allow":["GET"]}}],"collection":[{"href":"https:\/\/gealsa.testmillennials.es\/index.php?rest_route=\/wp\/v2\/pages"}],"about":[{"href":"https:\/\/gealsa.testmillennials.es\/index.php?rest_route=\/wp\/v2\/types\/page"}],"author":[{"embeddable":true,"href":"https:\/\/gealsa.testmillennials.es\/index.php?rest_route=\/wp\/v2\/users\/1"}],"replies":[{"embeddable":true,"href":"https:\/\/gealsa.testmillennials.es\/index.php?rest_route=%2Fwp%2Fv2%2Fcomments&post=7"}],"version-history":[{"count":25,"href":"https:\/\/gealsa.testmillennials.es\/index.php?rest_route=\/wp\/v2\/pages\/7\/revisions"}],"predecessor-version":[{"id":14,"href":"https:\/\/gealsa.testmillennials.es\/index.php?rest_route=\/wp\/v2\/pages\/7\/revisions\/14"}],"wp:featuredmedia":[{"embeddable":true,"href":"https:\/\/gealsa.testmillennials.es\/index.php?rest_route=\/wp\/v2\/media\/91"}],"wp:attachment":[{"href":"https:\/\/gealsa.testmillennials.es\/index.php?rest_route=%2Fwp%2Fv2%2Fmedia&parent=7"}],"curies":[{"name":"wp","href":"https:\/\/api.w.org\/{rel}","templated":true}]}}